 1828540704?
8
What is the billions digit of 4941492108?
4
What is the hundred thousands digit of 21776152?
7
What is the millions digit of 1679425?
1
What is the ten thousands digit of 1159553046?
5
What is the millions digit of 5622344832?
2
What is the hundred millions digit of 1073582949?
0
What is the units digit of 466320480?
0
What is the hundreds digit of 617872132?
1
What is the tens digit of 57302802?
0
What is the hundreds digit of 3135827?
8
What is the ten millions digit of 842168068?
4
What is the millions digit of 19406569?
9
What is the units digit of 1963483474?
4
What is the hundred thousands digit of 50307866?
3
What is the hundred millions digit of 361873435?
3
What is the ten millions digit of 4528140567?
2
What is the hundreds digit of 654903300?
3
What is the hundred millions digit of 404024060?
4
What is the hundred thousands digit of 122331719?
3
What is the ten thousands digit of 6323224006?
2
What is the hundred thousands digit of 192403112?
4
What is the millions digit of 304794358?
4
What is the units digit of 2299647041?
1
What is the millions digit of 166464349?
6
What is the tens digit of 108637886?
8
What is the hundred thousands digit of 2408463724?
4
What is the hundreds digit of 7408759550?
5
What is the ten thousands digit of 183218187?
1
What is the ten millions digit of 21392082?
2
What is the hundred thousands digit of 219718189?
7
What is the ten thousands digit of 2848701627?
0
What is the hundreds digit of 1705950707?
7
What is the thousands digit of 101595218?
5
What is the thousands digit of 1143909247?
9
What is the ten millions digit of 103077318?
0
What is the units digit of 3642367668?
8
What is the millions digit of 3380382414?
0
What is the hundreds digit of 793493831?
8
What is the tens digit of 436945234?
3
What is the ten millions digit of 101542118?
0
What is the ten millions digit of 526218482?
2
What is the ten thousands digit of 30281026?
8
What is the ten thousands digit of 288145501?
4
What is the ten millions digit of 47423303?
4
What is the millions digit of 33522648?
3
What is the tens digit of 20740312?
1
What is the thousands digit of 1033875103?
5
What is the units digit of 1826107039?
9
What is the hundreds digit of 210646554?
5
What is the hundred thousands digit of 8509579?
5
What is the ten millions digit of 59787011?
5
What is the thousands digit of 36063157?
3
What is the ten millions digit of 144800451?
4
What is the tens digit of 405115931?
3
What is the hundred thousands digit of 330551797?
5
What is the hundreds digit of 71705977?
9
What is the ten millions digit of 72804463?
7
What is the thousands digit of 322301476?
1
What is the hundreds digit of 34363462?
4
What is the ten thousands digit of 227526930?
2
What is the hundred millions digit of 1030223060?
0
What is the ten millions digit of 63827050?
6
What is the hundred thousands digit of 268463885?
4
What is the units digit of 297955072?
2
What is the ten thousands digit of 698158316?
5
What is the tens digit of 3466137515?
1
What is the ten thousands digit of 33617899?
1
What is the units digit of 16145667?
7
What is the ten thousands digit of 41417326?
1
What is the thousands digit of 149939222?
9
What is the ten thousands digit of 32647994?
4
What is the ten thousands digit of 205284521?
8
What is the units digit of 396627435?
5
What is the tens digit of 192464672?
7
What is the hundreds digit of 116274555?
5
What is the hundred thousands digit of 656791447?
7
What is the hundreds digit of 4151759352?
3
What is the hundred millions digit of 174063347?
1
What is the ten thousands digit of 1464657946?
5
What is the ten thousands digit of 780485773?
8
What is the hundred millions digit of 163534079?
1
What is the ten millions digit of 8374991672?
7
What is the ten millions digit of 363079405?
6
What is the ten millions digit of 1397438692?
9
What is the ten thousands digit of 201803216?
0
What is the tens digit of 7734875195?
9
What is the hundred thousands digit of 9658007?
6
What is the hundred thousands digit of 272181715?
1
What is the ten millions digit of 1120808424?
2
What is the thousands digit of 149223958?
3
What is the hundred millions digit of 387762715?
3
What is the tens digit of 20156594?
9
What is the units digit of 376167489?
9
What is the hundred thousands digit of 357245709?
2
What is the units digit of 751132198?
8
What is the thousands digit of 289914258?
4
What is the tens digit of 103288951?
5
What is the hundred thousands digit of 3671061326?
0
What is the millions digit of 84481670?
4
What is the millions digit of 1053874972?
3
What is the ten thousands digit of 212997268?
9
What is the millions digit of 44866524?
4
What is the tens digit of 592641392?
9
What is the hundred thousands digit of 68207620?
2
What is the millions digit of 1695249148?
5
What is the tens digit of 139330254?
5
What is the millions digit of 415841767?
5
What is the ten millions digit of 27593246?
2
What is the hundreds digit of 155702236?
2
What is the millions digit of 1603876095?
3
What is the units digit of 879792914?
4
What is the millions digit of 108458947?
8
What is the ten thousands digit of 583454520?
5
What is the millions digit of 1365423569?
5
What is the hundreds digit of 52659910?
9
What is the ten millions digit of 487933412?
8
What is the millions digit of 284253441?
4
What is the thousands digit of 42903319?
3
What is the thousands digit of 482221415?
1
What is the hundred thousands digit of 54460674?
4
What is the ten thousands digit of 273765238?
6
What is the ten thousands digit of 147162529?
6
What is the hundred millions digit of 746484254?
7
What is the hundred thousands digit of 2334245671?
2
What is the thousands digit of 216297099?
7
What is the ten thousands digit of 3565081631?
8
What is the thousands digit of 588867704?
7
What is the millions digit of 349814202?
9
What is the thousands digit of 359065345?
5
What is the thousands digit of 1804270788?
0
What is the tens digit of 56325470?
7
What is the units digit of 6065864?
4
What is the thousands digit of 2902296937?
6
What is the hundred thousands digit of 50911422?
9
What is the hundred thousands digit of 22689586?
6
What is the tens digit of 1280179935?
3
What is the hundreds digit of 1116204725?
7
What is the hundreds digit of 906770717?
7
What is the hundred millions digit of 2266713803?
2
What is the hundreds digit of 18176292?
2
What is the millions digit of 150683496?
0
What is the ten millions digit of 3789671450?
8
What is the tens digit of 206401427?
2
What is the ten millions digit of 245964900?
4
What is the hundred thousands digit of 1165255102?
2
What is the ten millions digit of 743631510?
4
What is the hundred millions digit of 2217617073?
2
What is the ten millions digit of 4006678862?
0
What is the hundred millions digit of 3860602491?
8
What is the hundred millions digit of 4616530462?
6
What is the billions digit of 1535347707?
1
What is the tens digit of 110436515?
1
What is the ten thousands digit of 319376068?
7
What is the hundreds digit of 92979925?
9
What is the thousands digit of 362374777?
4
What is the hundred thousands digit of 1307037184?
0
What is the units digit of 76648433?
3
What is the thousands digit of 1273716582?
6
What is the ten thousands digit of 518144891?
4
What is the hundreds digit of 193223067?
0
What is the ten millions digit of 1373194976?
7
What is the billions digit of 1027723334?
1
What is the tens digit of 166324769?
6
What is the hundred thousands digit of 481398317?
3
What is the hundred thousands digit of 65103370?
1
What is the millions digit of 85137757?
5
What is the tens digit of 58293454?
5
What is the hundred thousands digit of 314895667?
8
What is the hundred thousands digit of 267843882?
8
What is the hundreds digit of 1100892504?
5
What is the millions digit of 40990005?
0
What is the millions digit of 120971377?
0
What is the ten millions digit of 424341069?
2
What is the ten thousands digit of 59104010?
0
What is the ten millions digit of 873400925?
7
What is the hundreds digit of 56192905?
9
What is the units digit of 1007149511?
1
What is the hundred thousands digit of 83204348?
2
What is the tens digit of 2253815506?
0
What is the ten thousands digit of 509525